2
What is the greatest common factor of 1134 and 2950101?
567
Calculate the greatest common divisor of 14 and 6556.
2
What is the highest common divisor of 1310 and 7750?
10
What is the highest common factor of 17641 and 69?
23
Calculate the greatest common divisor of 312 and 10776.
24
Calculate the highest common divisor of 131729 and 143.
13
What is the highest common factor of 11646 and 99?
9
Calculate the highest common divisor of 7636 and 37536.
92
Calculate the highest common factor of 1642 and 6077042.
1642
What is the highest common divisor of 1377 and 44166?
51
What is the greatest common factor of 18 and 34482?
6
What is the highest common factor of 300 and 45950?
50
What is the highest common divisor of 36550 and 986?
34
What is the highest common factor of 189996 and 34506?
426
What is the greatest common factor of 13146 and 434?
14
What is the greatest common factor of 30 and 107960?
10
Calculate the highest common factor of 4429377 and 54.
27
What is the highest common factor of 242919 and 243?
81
Calculate the highest common factor of 56 and 196.
28
Calculate the highest common factor of 2208 and 47403.
69
What is the highest common divisor of 409374 and 513?
513
What is the highest common factor of 20882 and 1060?
106
What is the greatest common divisor of 56744 and 492?
164
Calculate the greatest common divisor of 10911351 and 2343.
2343
Calculate the greatest common divisor of 170376 and 7440.
744
Calculate the greatest common divisor of 3227 and 77.
7
Calculate the greatest common divisor of 992 and 6320.
16
Calculate the highest common divisor of 2200 and 551800.
200
What is the greatest common divisor of 698709 and 7161?
1023
What is the greatest common factor of 117 and 376857?
117
What is the highest common divisor of 516 and 25860?
12
Calculate the greatest common divisor of 85 and 14574695.
85
What is the greatest common factor of 65 and 3790?
5
What is the highest common divisor of 56203 and 914438?
1519
Calculate the highest common divisor of 320 and 3352640.
320
What is the greatest common divisor of 141 and 883224?
141
What is the highest common factor of 810 and 11394?
54
Calculate the greatest common divisor of 705926 and 39.
13
What is the greatest common divisor of 21170 and 290?
290
What is the highest common divisor of 14 and 54980?
2
Calculate the highest common divisor of 1722 and 22263.
123
Calculate the greatest common factor of 4199 and 527.
17
Calculate the highest common divisor of 830464 and 3072.
1024
Calculate the highest common factor of 1877035 and 5.
5
Calculate the greatest common factor of 679245 and 1155.
105
What is the highest common factor of 9232 and 184?
8
What is the highest common factor of 1025 and 35465?
205
Calculate the highest common divisor of 170 and 1015410.
170
Calculate the greatest common divisor of 150493 and 56.
7
What is the greatest common factor of 452 and 63845?
113
What is the greatest common factor of 711 and 57828?
237
What is the highest common divisor of 2934 and 3067986?
978
Calculate the highest common factor of 618438 and 30.
6
Calculate the highest common factor of 12636 and 4602.
78
Calculate the greatest common factor of 37035 and 18.
9
What is the greatest common factor of 81176 and 803?
73
What is the highest common divisor of 1581 and 13857?
93
What is the greatest common divisor of 107838 and 1350?
54
Calculate the highest common divisor of 344633 and 2263.
73
What is the highest common factor of 1760 and 318120?
440
What is the greatest common factor of 12 and 3795564?
12
Calculate the highest common divisor of 13134 and 154.
22
Calculate the greatest common divisor of 1328 and 14774.
166
What is the greatest common factor of 158928 and 154?
154
What is the greatest common factor of 1875 and 2355?
15
What is the highest common divisor of 28382 and 69?
23
What is the highest common divisor of 132882 and 2?
2
Calculate the greatest common factor of 1155 and 1091409.
33
Calculate the greatest common divisor of 4 and 7664948.
4
Calculate the greatest common divisor of 72 and 120352.
8
Calculate the highest common divisor of 374881 and 13.
13
Calculate the highest common factor of 2415 and 357.
21
What is the greatest common divisor of 651 and 720223?
217
Calculate the greatest common factor of 1520 and 204250.
190
What is the highest common divisor of 12016 and 144?
16
Calculate the highest common factor of 2303523 and 9.
9
What is the highest common factor of 27 and 149094?
27
Calculate the highest common divisor of 732677 and 8041.
473
What is the greatest common factor of 4094 and 4?
2
Calculate the highest common divisor of 22785 and 49245.
735
What is the greatest common divisor of 96 and 44800?
32
What is the highest common divisor of 26 and 94?
2
What is the highest common factor of 162 and 11448?
54
What is the highest common factor of 713 and 18469?
23
What is the highest common divisor of 430 and 48805?
215
Calculate the greatest common divisor of 168 and 21441.
21
Calculate the greatest common divisor of 4482 and 35358.
498
Calculate the greatest common factor of 4416 and 257692.
92
Calculate the highest common divisor of 72305 and 15.
5
What is the greatest common factor of 32865 and 2135?
35
Calculate the highest common factor of 17842 and 165.
11
What is the greatest common divisor of 2763180 and 630?
630
What is the greatest common divisor of 84 and 438?
6
Calculate the highest common factor of 345761 and 78.
13
Calculate the highest common divisor of 1743 and 6153.
21
Calculate the greatest common factor of 293 and 490482.
293
What is the greatest common divisor of 200096 and 1480?
296
What is the greatest common factor of 38339 and 7?
7
Calculate the highest common divisor of 2359 and 1967.
7
Calculate the highest common divisor of 6704 and 336.
16
What is the greatest common divisor of 2668081 and 13?
13
Calculate the highest common factor of 38 and 153026.
38
What is the highest common divisor of 4248 and 5116008?
1416
What is the greatest common divisor of 187276 and 8?
4
What is the highest common factor of 14455 and 25?
5
Calculate the greatest common divisor of 658394 and 22.
22
Calculate the greatest common divisor of 22 and 226358.
22
What is the highest common factor of 47781 and 333?
9
What is the greatest common divisor of 358 and 1409446?
358
Calculate the highest common factor of 13695 and 9735.
165
What is the highest common divisor of 2800473 and 39?
39
What is the greatest common factor of 30 and 14145?
15
Calculate the greatest common factor of 1748 and 255484.
92
What is the greatest common divisor of 144 and 486608?
16
Calculate the highest common factor of 236 and 98884.
236
What is the highest common factor of 188433 and 18?
9
What is the greatest common divisor of 11849 and 656?
41
Calculate the greatest common factor of 1053 and 21389589.
1053
What is the greatest common divisor of 22 and 252692?
22
What is the highest common factor of 2 and 26747?
1
Calculate the highest common factor of 257874 and 18.
6
What is the highest common factor of 18996 and 8?
4
Calculate the highest common factor of 9951201 and 13.
13
Calculate the greatest common factor of 58783 and 551.
29
Calculate the greatest common factor of 233 and 71065.
233
Calculate the greatest common divisor of 55723 and 20558.
541
What is the highest common divisor of 650 and 400?
50
Calculate the highest common divisor of 1029 and 450016.
343
What is the greatest common divisor of 76290 and 30?
30
What is the greatest common divisor of 1737 and 144?
9
Calculate the highest common factor of 9478 and 28.
14
What is the greatest common divisor of 54 and 204822?
54
Calculate the highest common divisor of 585460 and 80.
20
Calculate the highest common divisor of 6290 and 81430.
170
What is the highest common divisor of 3143 and 23797?
449
What is the highest common factor of 53045 and 2060?
515
Calculate the highest common factor of 32335 and 435.
145
What is the greatest common divisor of 390 and 174555?
15
What is the highest common factor of 24252 and 10492?
172
What is the highest common factor of 21166779 and 893?
893
Calculate the greatest common factor of 14697702 and 18.
18
What is the greatest common factor of 632 and 13432?
8
Calculate the greatest c